nder when 103173060 is divided by 20634609?
15
Calculate the remainder when 160233 is divided by 12.
9
Calculate the remainder when 51939019 is divided by 1305.
19
What is the remainder when 26219068 is divided by 67?
25
What is the remainder when 13207 is divided by 1013?
38
What is the remainder when 7235345 is divided by 7?
5
What is the remainder when 3077482 is divided by 2826?
2794
What is the remainder when 20306 is divided by 16386?
3920
Calculate the remainder when 3046036 is divided by 71.
65
Calculate the remainder when 1403028 is divided by 233776.
372
Calculate the remainder when 1595570 is divided by 2834.
28
What is the remainder when 22779 is divided by 21941?
838
What is the remainder when 158578 is divided by 129?
37
What is the remainder when 82520568 is divided by 667?
662
What is the remainder when 6878574 is divided by 8?
6
What is the remainder when 27513335 is divided by 36?
11
Calculate the remainder when 304874 is divided by 152032.
810
Calculate the remainder when 1386733 is divided by 240.
13
What is the remainder when 5860465 is divided by 338?
221
Calculate the remainder when 23204745 is divided by 12.
9
What is the remainder when 34150 is divided by 17070?
10
Calculate the remainder when 4079331 is divided by 679884.
27
Calculate the remainder when 85889 is divided by 419.
413
What is the remainder when 4366505 is divided by 1531?
93
Calculate the remainder when 118841 is divided by 1507.
1295
Calculate the remainder when 2083846 is divided by 27.
13
What is the remainder when 1452927 is divided by 1452922?
5
What is the remainder when 6050608 is divided by 19969?
1
Calculate the remainder when 291210383 is divided by 1688.
1687
What is the remainder when 367733 is divided by 1268?
13
Calculate the remainder when 98170 is divided by 245.
170
What is the remainder when 12524239 is divided by 778?
773
What is the remainder when 408276 is divided by 1453?
1436
Calculate the remainder when 39100384 is divided by 1303346.
4
Calculate the remainder when 5242693 is divided by 291239.
391
What is the remainder when 532111 is divided by 3146?
437
What is the remainder when 20019 is divided by 2403?
795
What is the remainder when 8885 is divided by 1472?
53
What is the remainder when 24506826 is divided by 730?
726
Calculate the remainder when 567240 is divided by 1565.
710
Calculate the remainder when 40858 is divided by 1631.
83
What is the remainder when 43842443 is divided by 1623793?
32
What is the remainder when 3127735 is divided by 105?
100
Calculate the remainder when 26207312 is divided by 547.
542
Calculate the remainder when 15931132 is divided by 414.
412
Calculate the remainder when 704396 is divided by 88043.
52
Calculate the remainder when 104021 is divided by 77.
71
Calculate the remainder when 11136855 is divided by 991.
988
What is the remainder when 2870552 is divided by 5640?
5432
What is the remainder when 2559877 is divided by 853138?
463
What is the remainder when 484016 is divided by 3312?
464
Calculate the remainder when 1618904 is divided by 231269.
21
Calculate the remainder when 1304693 is divided by 1184.
1109
What is the remainder when 319299 is divided by 105515?
2754
Calculate the remainder when 116323259 is divided by 284.
267
Calculate the remainder when 525628175 is divided by 11.
6
What is the remainder when 165446 is divided by 165376?
70
What is the remainder when 176857230 is divided by 35371446?
0
What is the remainder when 21449051 is divided by 186?
89
Calculate the remainder when 9229592 is divided by 615304.
32
What is the remainder when 3097212 is divided by 9414?
6
Calculate the remainder when 29917822 is divided by 15.
7
Calculate the remainder when 16209901 is divided by 1080660.
1
What is the remainder when 963464 is divided by 240860?
24
What is the remainder when 51375282 is divided by 4971?
4968
What is the remainder when 1113705 is divided by 1270?
1185
Calculate the remainder when 37621070 is divided by 74.
62
Calculate the remainder when 3489043 is divided by 2067.
2014
Calculate the remainder when 1022639 is divided by 1880.
1799
What is the remainder when 689652 is divided by 25?
2
Calculate the remainder when 5621457 is divided by 340.
237
What is the remainder when 11451067 is divided by 163?
154
Calculate the remainder when 93448 is divided by 45931.
1586
What is the remainder when 171628993 is divided by 473?
470
Calculate the remainder when 36589797 is divided by 130.
127
Calculate the remainder when 114454 is divided by 56331.
1792
Calculate the remainder when 15579 is divided by 5050.
429
What is the remainder when 9988810 is divided by 587565?
205
Calculate the remainder when 58328 is divided by 546.
452
What is the remainder when 28551 is divided by 8229?
3864
Calculate the remainder when 48068 is divided by 23596.
876
Calculate the remainder when 28811941 is divided by 1303.
5
Calculate the remainder when 234066 is divided by 2959.
305
Calculate the remainder when 50716 is divided by 1682.
256
What is the remainder when 14546803 is divided by 969781?
88
What is the remainder when 60141 is divided by 11383?
3226
Calculate the remainder when 513979 is divided by 128401.
375
Calculate the remainder when 6861949 is divided by 87.
85
What is the remainder when 16393179 is divided by 38?
17
What is the remainder when 76727227 is divided by 2526?
2503
Calculate the remainder when 2623234 is divided by 3721.
3650
Calculate the remainder when 161089277 is divided by 673.
670
Calculate the remainder when 1849916 is divided by 924934.
48
What is the remainder when 27378 is divided by 1949?
92
What is the remainder when 267460 is divided by 93?
85
What is the remainder when 95835636 is divided by 636?
612
What is the remainder when 2577489 is divided by 257748?
9
What is the remainder when 26053 is divided by 2024?
1765
Calculate the remainder when 37040 is divided by 12334.
38
What is the remainder when 29022422 is divided by 85360?
22
What is the remainder when 22738 is divided by 1259?
76
Calculate the remainder when 81239948 is divided by 189.
188
What is the remainder when 1663695 is divided by 62?
49
What is the remainder when 406621 is divided by 835?
811
What is the remainder when 24258 is divided by 444?
282
Calculate the remainder when 50315618 is divided by 2136.
2
Calculate the remainder when 412972 is divided by 1811.
64
What is the remainder when 131124 is divided by 4211?
583
Calculate the remainder when 1416860 is divided by 658.
186
Calculate the remainder when 203642 is divided by 1340.
1302
What is the remainder when 10239 is divided by 9845?
394
Calculate the remainder when 9353573 is divided by 328.
325
What is the remainder when 33424 is divided by 69?
28
What is the remainder when 549182 is divided by 18937?
9
What is the remainder when 20924874 is divided by 2366?
2336
Calculate the remainder when 2380919 is divided by 661.
658
Calculate the remainder when 16420091 is divided by 1232.
1227
What is the remainder when 5262034 is divided by 18?
4
What is the remainder when 457323 is divided by 226384?
4555
What is the remainder when 34072 is divided by 177?
88
What is the remainder when 194436073 is divided by 17676006?
7
Calculate the remainder when 20263136 is divided by 14.
12
What is the remainder when 342550 is divided by 2182?
2158
What is the remainder when 161482 is divided by 342?
58
Calculate the remainder when 11785670 is divided by 397.
328
Calculate the remainder when 2549095 is divided by 4846.
99
What is the remainder when 1725275 is divided by 17?
13
What is the remainder when 583253 is divided by 24302?
5
What is the remainder when 73241 is divided by 5990?
1361
What is the remainder when 97207 is divided by 829?
214
Calculate the remainder when 8919 is divided by 148.
39
What is the remainder when 54648612 is divided by 1015?
1012
Calculate the remainder when 112649919 is divided by 187.
184
Calculate the remainder when 82260 is divided by 37.
9
Calculate the remainder when 126502 is divided by 1304.
14
Calculate the remainder when 582953 is divided by 1584.
41
Calculate the remainder when 365443 is divided by 365432.
11
What is the remainder when 11752628 is divided by 22?
8
What is the remainder when 84945145 is divided by